{"id":4031,"date":"2017-10-03T23:03:51","date_gmt":"2017-10-03T21:03:51","guid":{"rendered":"http:\/\/www.lebenslaute.net\/?page_id=4031"},"modified":"2017-10-16T16:51:23","modified_gmt":"2017-10-16T14:51:23","slug":"aktion-2017-keine-wiedervereinigung-mit-dem-krieg-3-oktober-2017","status":"publish","type":"page","link":"https:\/\/www.lebenslaute.net\/?page_id=4031","title":{"rendered":"Aktion 2017: Keine Wiedervereinigung mit dem Krieg, 3. Oktober 2017"},"content":{"rendered":"<p><strong>Friedensmusik in der Kriegs-\u00dcbungsstadt Schn\u00f6ggersburg (Altmark, Sachsen-Anhalt)<\/strong><\/p>\n<p><strong>\u00a0<\/strong>Am 3. Oktober 2017 von 2-15 Uhr war die Rheinmetall Kriegs-\u00dcbungs- und Aufstandbek\u00e4mpfungsstadt f\u00fcr die NATO-Truppen durch 17 Musikerinnen und Musiker von Lebenslaute sowie Aktivistinnen und Aktivisten der B\u00fcrgerinitiative Offene Heide besetzt. Von 11-15 Uhr f\u00fchrte Lebenslaute vor dem \u201eRegierungsgeb\u00e4ude\u201c von Schn\u00f6ggersburg Chor- und Instrumentalmusik auf &#8211; von Johann Sebastian Bach bis Kurt Weill. Es erklangen Lieder gegen den Krieg aus verschiedenen Epochen und L\u00e4ndern. Hiermit wollen die Gruppen am Tag der Deutschen Einheit auf die direkte Kriegsvorbereitung aufmerksam machen, die, so Malte Fr\u00f6hlich von der Offenen Heide \u201eeine ganz neue Dimension hier erreicht und sich zunehmend einer demokratischen Kontrolle entzieht\u201c.<\/p>\n<figure id=\"attachment_4037\" aria-describedby=\"caption-attachment-4037\" style=\"width: 600px\" class=\"wp-caption aligncenter\"><a href=\"http:\/\/www.lebenslaute.net\/wp-content\/uploads\/2017\/10\/DSC_0547.jpg\" xlink=\"href\"><img loading=\"lazy\" decoding=\"async\" class=\"wp-image-4037\" src=\"http:\/\/www.lebenslaute.net\/wp-content\/uploads\/2017\/10\/DSC_0547-1024x678.jpg\" alt=\"\" width=\"600\" height=\"397\" srcset=\"https:\/\/www.lebenslaute.net\/wp-content\/uploads\/2017\/10\/DSC_0547-1024x678.jpg 1024w, https:\/\/www.lebenslaute.net\/wp-content\/uploads\/2017\/10\/DSC_0547-300x199.jpg 300w, https:\/\/www.lebenslaute.net\/wp-content\/uploads\/2017\/10\/DSC_0547-768x509.jpg 768w\" sizes=\"auto, (max-width: 600px) 100vw, 600px\" \/><\/a><figcaption id=\"caption-attachment-4037\" class=\"wp-caption-text\">Konzertaktion vor dem &#8220;Regierungsgeb\u00e4ude&#8221; von Schn\u00f6ggersburg, 3. Oktober 2017<\/figcaption><\/figure>\n<figure id=\"attachment_4046\" aria-describedby=\"caption-attachment-4046\" style=\"width: 300px\" class=\"wp-caption alignleft\"><a href=\"http:\/\/www.lebenslaute.net\/wp-content\/uploads\/2017\/10\/DSC_0517.jpg\" xlink=\"href\"><img loading=\"lazy\" decoding=\"async\" class=\"wp-image-4046\" src=\"http:\/\/www.lebenslaute.net\/wp-content\/uploads\/2017\/10\/DSC_0517-300x199.jpg\" alt=\"\" width=\"300\" height=\"199\" srcset=\"https:\/\/www.lebenslaute.net\/wp-content\/uploads\/2017\/10\/DSC_0517-300x199.jpg 300w, https:\/\/www.lebenslaute.net\/wp-content\/uploads\/2017\/10\/DSC_0517-768x509.jpg 768w, https:\/\/www.lebenslaute.net\/wp-content\/uploads\/2017\/10\/DSC_0517-1024x678.jpg 1024w\" sizes=\"auto, (max-width: 300px) 100vw, 300px\" \/><\/a><figcaption id=\"caption-attachment-4046\" class=\"wp-caption-text\">3. Oktober 2:00 Uhr, Schn\u00f6ggersburg, Beginn der Besetzung<\/figcaption><\/figure>\n<figure id=\"attachment_4047\" aria-describedby=\"caption-attachment-4047\" style=\"width: 300px\" class=\"wp-caption alignright\"><a href=\"http:\/\/www.lebenslaute.net\/wp-content\/uploads\/2017\/10\/DSC_0520.jpg\" xlink=\"href\"><img loading=\"lazy\" decoding=\"async\" class=\"wp-image-4047\" src=\"http:\/\/www.lebenslaute.net\/wp-content\/uploads\/2017\/10\/DSC_0520-300x199.jpg\" alt=\"\" width=\"300\" height=\"199\" srcset=\"https:\/\/www.lebenslaute.net\/wp-content\/uploads\/2017\/10\/DSC_0520-300x199.jpg 300w, https:\/\/www.lebenslaute.net\/wp-content\/uploads\/2017\/10\/DSC_0520-768x509.jpg 768w, https:\/\/www.lebenslaute.net\/wp-content\/uploads\/2017\/10\/DSC_0520-1024x678.jpg 1024w\" sizes=\"auto, (max-width: 300px) 100vw, 300px\" \/><\/a><figcaption id=\"caption-attachment-4047\" class=\"wp-caption-text\">3. Oktober, 9:00, Schn\u00f6ggersburg vor Konzertbeginn<\/figcaption><\/figure>\n<figure id=\"attachment_4048\" aria-describedby=\"caption-attachment-4048\" style=\"width: 300px\" class=\"wp-caption alignleft\"><a href=\"http:\/\/www.lebenslaute.net\/wp-content\/uploads\/2017\/10\/DSC_0525.jpg\" xlink=\"href\"><img loading=\"lazy\" decoding=\"async\" class=\"size-medium wp-image-4048\" src=\"http:\/\/www.lebenslaute.net\/wp-content\/uploads\/2017\/10\/DSC_0525-300x199.jpg\" alt=\"\" width=\"300\" height=\"199\" srcset=\"https:\/\/www.lebenslaute.net\/wp-content\/uploads\/2017\/10\/DSC_0525-300x199.jpg 300w, https:\/\/www.lebenslaute.net\/wp-content\/uploads\/2017\/10\/DSC_0525-768x509.jpg 768w, https:\/\/www.lebenslaute.net\/wp-content\/uploads\/2017\/10\/DSC_0525-1024x678.jpg 1024w\" sizes=\"auto, (max-width: 300px) 100vw, 300px\" \/><\/a><figcaption id=\"caption-attachment-4048\" class=\"wp-caption-text\">3. Oktober, 9:00 Uhr, Schn\u00f6ggersburg, Teil 2,<\/figcaption><\/figure>\n<figure id=\"attachment_4049\" aria-describedby=\"caption-attachment-4049\" style=\"width: 300px\" class=\"wp-caption alignright\"><a href=\"http:\/\/www.lebenslaute.net\/wp-content\/uploads\/2017\/10\/DSC_0565.jpg\" xlink=\"href\"><img loading=\"lazy\" decoding=\"async\" class=\"size-medium wp-image-4049\" src=\"http:\/\/www.lebenslaute.net\/wp-content\/uploads\/2017\/10\/DSC_0565-300x199.jpg\" alt=\"\" width=\"300\" height=\"199\" srcset=\"https:\/\/www.lebenslaute.net\/wp-content\/uploads\/2017\/10\/DSC_0565-300x199.jpg 300w, https:\/\/www.lebenslaute.net\/wp-content\/uploads\/2017\/10\/DSC_0565-768x509.jpg 768w, https:\/\/www.lebenslaute.net\/wp-content\/uploads\/2017\/10\/DSC_0565-1024x678.jpg 1024w\" sizes=\"auto, (max-width: 300px) 100vw, 300px\" \/><\/a><figcaption id=\"caption-attachment-4049\" class=\"wp-caption-text\">3. Oktober, 13:00, B\u00e4rentanz beim Aktionskonzert vor dem &#8220;Regierungsgeb\u00e4ude&#8221;<\/figcaption><\/figure>\n<p>&nbsp;<\/p>\n<p>&nbsp;<\/p>\n<p>&nbsp;<\/p>\n<p>&nbsp;<\/p>\n<p>&nbsp;<\/p>\n<p>&nbsp;<\/p>\n<p>&nbsp;<\/p>\n<p>&nbsp;<\/p>\n<p>&nbsp;<\/p>\n<p>&nbsp;<\/p>\n<p>&nbsp;<\/p>\n<p>&nbsp;<\/p>\n<p>&nbsp;<\/p>\n<p>&nbsp;<\/p>\n<p>&nbsp;<\/p>\n<p>Die \u00a0Schwarz-Rot-Gr\u00fcne Regierung in Sachsen-Anhalt bebaut etwa 6,5 qkm in Schn\u00f6ggersburg im Auftrag eines Konsortiums von Bund, Bundeswehr und Rheinmetall. Nach Fertigstellung in 3 Jahren soll Rheinmetall die Stadt an die NATO-Truppen (und andere Kampfverb\u00e4nde) vermieten, die dort Aufstandbek\u00e4mpfung und Krieg in St\u00e4dten \u00fcben k\u00f6nnen sollen. Diese Verh\u00e4ltnisse scheinen selbst der Polizei neu und die Konsequenzen und Ausma\u00dfe unklar. So handelte die Polizei scheinbar selbstverst\u00e4ndlich auf Anweisung eines Bundeswehroffiziers, der kein Vertreter des Bauherren sein kann. Es findet offensichtlich eine Vermischung von Zust\u00e4ndigkeiten statt und eine Erosion des rechtsstaatlichen Handelns.<\/p>\n<p>Die Konzertaktion stand im Gegensatz zum Volksfest der Bundeswehr, auf dem die \u00dcbungen und Eins\u00e4tze als Abenteuerspiele verharmlost wurden. Die Gruppe wurde von der Polizei von der Baustelle begleitet.<\/p>\n<p>Die Aktion wurde durchgef\u00fchrt gemeinsam mit AktivistInnen von Offene Heide:<\/p>\n<p><a href=\"mailto:offeneheide@t-online.de\" xlink=\"href\">offeneheide@t-online.de<\/a>, 0173 2051088, Malte Fr\u00f6hlich<\/p>\n<p>Ein Bericht von der &#8220;Volksstimme&#8221; am 5. 10. 2017:<br \/>\n<a target=\"_blank\" href=\"https:\/\/www.volksstimme.de\/lokal\/wolmirstedt\/friedensaktion-musik-erklingt-in-schnoeggersburg\" xlink=\"href\" rel=\"noopener\">https:\/\/www.volksstimme.de\/lokal\/wolmirstedt\/friedensaktion-musik-erklingt-in-schnoeggersburg<\/a><\/p>\n<p>Und einer von der &#8220;Jungen Welt&#8221; vom 5. 10. 2017:<br \/>\n<a target=\"_blank\" href=\"https:\/\/www.jungewelt.de\/artikel\/319396.nato-aufr%C3%BCstung-am-pranger.html?sstr=NatoAufr%C3%BCstung%7Cam%7CPranger\/\" xlink=\"href\" rel=\"noopener\">Junge Welt<\/a><\/p>\n","protected":false},"excerpt":{"rendered":"<p>Friedensmusik in der Kriegs-\u00dcbungsstadt Schn\u00f6ggersburg (Altmark, Sachsen-Anhalt) \u00a0Am 3. Oktober 2017 von 2-15 Uhr war die Rheinmetall Kriegs-\u00dcbungs- und Aufstandbek\u00e4mpfungsstadt f\u00fcr die NATO-Truppen durch 17 Musikerinnen und Musiker von Lebenslaute sowie Aktivistinnen und Aktivisten der B\u00fcrgerinitiative Offene Heide besetzt. Von 11-15 Uhr f\u00fchrte Lebenslaute vor dem \u201eRegierungsgeb\u00e4ude\u201c von Schn\u00f6ggersburg Chor- und Instrumentalmusik auf &#8211; von Johann Sebastian Bach bis Kurt Weill. Es erklangen Lieder gegen den Krieg aus verschiedenen Epochen und L\u00e4ndern. Hiermit wollen die Gruppen am Tag der Deutschen&#8230;<\/p>\n<p class=\"read-more\"><a class=\"btn btn-default\" href=\"https:\/\/www.lebenslaute.net\/?page_id=4031\">Weiterlesen<span class=\"screen-reader-text\"> Weiterlesen<\/span><\/a><\/p>\n","protected":false},"author":6,"featured_media":0,"parent":161,"menu_order":0,"comment_status":"closed","ping_status":"closed","template":"","meta":{"footnotes":""},"class_list":["post-4031","page","type-page","status-publish","hentry"],"_links":{"self":[{"href":"https:\/\/www.lebenslaute.net\/index.php?rest_route=\/wp\/v2\/pages\/4031","targetHints":{"allow":["GET"]}}],"collection":[{"href":"https:\/\/www.lebenslaute.net\/index.php?rest_route=\/wp\/v2\/pages"}],"about":[{"href":"https:\/\/www.lebenslaute.net\/index.php?rest_route=\/wp\/v2\/types\/page"}],"author":[{"embeddable":true,"href":"https:\/\/www.lebenslaute.net\/index.php?rest_route=\/wp\/v2\/users\/6"}],"replies":[{"embeddable":true,"href":"https:\/\/www.lebenslaute.net\/index.php?rest_route=%2Fwp%2Fv2%2Fcomments&post=4031"}],"version-history":[{"count":17,"href":"https:\/\/www.lebenslaute.net\/index.php?rest_route=\/wp\/v2\/pages\/4031\/revisions"}],"predecessor-version":[{"id":4066,"href":"https:\/\/www.lebenslaute.net\/index.php?rest_route=\/wp\/v2\/pages\/4031\/revisions\/4066"}],"up":[{"embeddable":true,"href":"https:\/\/www.lebenslaute.net\/index.php?rest_route=\/wp\/v2\/pages\/161"}],"wp:attachment":[{"href":"https:\/\/www.lebenslaute.net\/index.php?rest_route=%2Fwp%2Fv2%2Fmedia&parent=4031"}],"curies":[{"name":"wp","href":"https:\/\/api.w.org\/{rel}","templated":true}]}}

<p><strong>Friedensmusik in der Kriegs-Übungsstadt Schnöggersburg (Altmark, Sachsen-Anhalt)</strong></p>
<p><strong> </strong>Am 3. Oktober 2017 von 2-15 Uhr war die Rheinmetall Kriegs-Übungs- und Aufstandbekämpfungsstadt für die NATO-Truppen durch 17 Musikerinnen und Musiker von Lebenslaute sowie Aktivistinnen und Aktivisten der Bürgerinitiative Offene Heide besetzt. Von 11-15 Uhr führte Lebenslaute vor dem „Regierungsgebäude“ von Schnöggersburg Chor- und Instrumentalmusik auf &#8211; von Johann Sebastian Bach bis Kurt Weill. Es erklangen Lieder gegen den Krieg aus verschiedenen Epochen und Ländern. Hiermit wollen die Gruppen am Tag der Deutschen Einheit auf die direkte Kriegsvorbereitung aufmerksam machen, die, so Malte Fröhlich von der Offenen Heide „eine ganz neue Dimension hier erreicht und sich zunehmend einer demokratischen Kontrolle entzieht“.</p>
<figure id="attachment_4037" aria-describedby="caption-attachment-4037" style="width: 600px" class="wp-caption aligncenter"><a href="http://www.lebenslaute.net/wp-content/uploads/2017/10/DSC_0547.jpg" xlink="href"><img loading="lazy" decoding="async" class="wp-image-4037" src="http://www.lebenslaute.net/wp-content/uploads/2017/10/DSC_0547-1024x678.jpg" alt="" width="600" height="397" srcset="https://www.lebenslaute.net/wp-content/uploads/2017/10/DSC_0547-1024x678.jpg 1024w, https://www.lebenslaute.net/wp-content/uploads/2017/10/DSC_0547-300x199.jpg 300w, https://www.lebenslaute.net/wp-content/uploads/2017/10/DSC_0547-768x509.jpg 768w" sizes="auto, (max-width: 600px) 100vw, 600px" /></a><figcaption id="caption-attachment-4037" class="wp-caption-text">Konzertaktion vor dem &#8220;Regierungsgebäude&#8221; von Schnöggersburg, 3. Oktober 2017</figcaption></figure>
<figure id="attachment_4046" aria-describedby="caption-attachment-4046" style="width: 300px" class="wp-caption alignleft"><a href="http://www.lebenslaute.net/wp-content/uploads/2017/10/DSC_0517.jpg" xlink="href"><img loading="lazy" decoding="async" class="wp-image-4046" src="http://www.lebenslaute.net/wp-content/uploads/2017/10/DSC_0517-300x199.jpg" alt="" width="300" height="199" srcset="https://www.lebenslaute.net/wp-content/uploads/2017/10/DSC_0517-300x199.jpg 300w, https://www.lebenslaute.net/wp-content/uploads/2017/10/DSC_0517-768x509.jpg 768w, https://www.lebenslaute.net/wp-content/uploads/2017/10/DSC_0517-1024x678.jpg 1024w" sizes="auto, (max-width: 300px) 100vw, 300px" /></a><figcaption id="caption-attachment-4046" class="wp-caption-text">3. Oktober 2:00 Uhr, Schnöggersburg, Beginn der Besetzung</figcaption></figure>
<figure id="attachment_4047" aria-describedby="caption-attachment-4047" style="width: 300px" class="wp-caption alignright"><a href="http://www.lebenslaute.net/wp-content/uploads/2017/10/DSC_0520.jpg" xlink="href"><img loading="lazy" decoding="async" class="wp-image-4047" src="http://www.lebenslaute.net/wp-content/uploads/2017/10/DSC_0520-300x199.jpg" alt="" width="300" height="199" srcset="https://www.lebenslaute.net/wp-content/uploads/2017/10/DSC_0520-300x199.jpg 300w, https://www.lebenslaute.net/wp-content/uploads/2017/10/DSC_0520-768x509.jpg 768w, https://www.lebenslaute.net/wp-content/uploads/2017/10/DSC_0520-1024x678.jpg 1024w" sizes="auto, (max-width: 300px) 100vw, 300px" /></a><figcaption id="caption-attachment-4047" class="wp-caption-text">3. Oktober, 9:00, Schnöggersburg vor Konzertbeginn</figcaption></figure>
<figure id="attachment_4048" aria-describedby="caption-attachment-4048" style="width: 300px" class="wp-caption alignleft"><a href="http://www.lebenslaute.net/wp-content/uploads/2017/10/DSC_0525.jpg" xlink="href"><img loading="lazy" decoding="async" class="size-medium wp-image-4048" src="http://www.lebenslaute.net/wp-content/uploads/2017/10/DSC_0525-300x199.jpg" alt="" width="300" height="199" srcset="https://www.lebenslaute.net/wp-content/uploads/2017/10/DSC_0525-300x199.jpg 300w, https://www.lebenslaute.net/wp-content/uploads/2017/10/DSC_0525-768x509.jpg 768w, https://www.lebenslaute.net/wp-content/uploads/2017/10/DSC_0525-1024x678.jpg 1024w" sizes="auto, (max-width: 300px) 100vw, 300px" /></a><figcaption id="caption-attachment-4048" class="wp-caption-text">3. Oktober, 9:00 Uhr, Schnöggersburg, Teil 2,</figcaption></figure>
<figure id="attachment_4049" aria-describedby="caption-attachment-4049" style="width: 300px" class="wp-caption alignright"><a href="http://www.lebenslaute.net/wp-content/uploads/2017/10/DSC_0565.jpg" xlink="href"><img loading="lazy" decoding="async" class="size-medium wp-image-4049" src="http://www.lebenslaute.net/wp-content/uploads/2017/10/DSC_0565-300x199.jpg" alt="" width="300" height="199" srcset="https://www.lebenslaute.net/wp-content/uploads/2017/10/DSC_0565-300x199.jpg 300w, https://www.lebenslaute.net/wp-content/uploads/2017/10/DSC_0565-768x509.jpg 768w, https://www.lebenslaute.net/wp-content/uploads/2017/10/DSC_0565-1024x678.jpg 1024w" sizes="auto, (max-width: 300px) 100vw, 300px" /></a><figcaption id="caption-attachment-4049" class="wp-caption-text">3. Oktober, 13:00, Bärentanz beim Aktionskonzert vor dem &#8220;Regierungsgebäude&#8221;</figcaption></figure>
<p>&nbsp;</p>
<p>&nbsp;</p>
<p>&nbsp;</p>
<p>&nbsp;</p>
<p>&nbsp;</p>
<p>&nbsp;</p>
<p>&nbsp;</p>
<p>&nbsp;</p>
<p>&nbsp;</p>
<p>&nbsp;</p>
<p>&nbsp;</p>
<p>&nbsp;</p>
<p>&nbsp;</p>
<p>&nbsp;</p>
<p>&nbsp;</p>
<p>Die  Schwarz-Rot-Grüne Regierung in Sachsen-Anhalt bebaut etwa 6,5 qkm in Schnöggersburg im Auftrag eines Konsortiums von Bund, Bundeswehr und Rheinmetall. Nach Fertigstellung in 3 Jahren soll Rheinmetall die Stadt an die NATO-Truppen (und andere Kampfverbände) vermieten, die dort Aufstandbekämpfung und Krieg in Städten üben können sollen. Diese Verhältnisse scheinen selbst der Polizei neu und die Konsequenzen und Ausmaße unklar. So handelte die Polizei scheinbar selbstverständlich auf Anweisung eines Bundeswehroffiziers, der kein Vertreter des Bauherren sein kann. Es findet offensichtlich eine Vermischung von Zuständigkeiten statt und eine Erosion des rechtsstaatlichen Handelns.</p>
<p>Die Konzertaktion stand im Gegensatz zum Volksfest der Bundeswehr, auf dem die Übungen und Einsätze als Abenteuerspiele verharmlost wurden. Die Gruppe wurde von der Polizei von der Baustelle begleitet.</p>
<p>Die Aktion wurde durchgeführt gemeinsam mit AktivistInnen von Offene Heide:</p>
<p><a href="mailto:offeneheide@t-online.de" xlink="href">offeneheide@t-online.de</a>, 0173 2051088, Malte Fröhlich</p>
<p>Ein Bericht von der &#8220;Volksstimme&#8221; am 5. 10. 2017:<br />
<a target="_blank" href="https://www.volksstimme.de/lokal/wolmirstedt/friedensaktion-musik-erklingt-in-schnoeggersburg" xlink="href" rel="noopener">https://www.volksstimme.de/lokal/wolmirstedt/friedensaktion-musik-erklingt-in-schnoeggersburg</a></p>
<p>Und einer von der &#8220;Jungen Welt&#8221; vom 5. 10. 2017:<br />
<a target="_blank" href="https://www.jungewelt.de/artikel/319396.nato-aufr%C3%BCstung-am-pranger.html?sstr=NatoAufr%C3%BCstung%7Cam%7CPranger/" xlink="href" rel="noopener">Junge Welt</a></p>

<p>Friedensmusik in der Kriegs-Übungsstadt Schnöggersburg (Altmark, Sachsen-Anhalt)  Am 3. Oktober 2017 von 2-15 Uhr war die Rheinmetall Kriegs-Übungs- und Aufstandbekämpfungsstadt für die NATO-Truppen durch 17 Musikerinnen und Musiker von Lebenslaute sowie Aktivistinnen und Aktivisten der Bürgerinitiative Offene Heide besetzt. Von 11-15 Uhr führte Lebenslaute vor dem „Regierungsgebäude“ von Schnöggersburg Chor- und Instrumentalmusik auf &#8211; von Johann Sebastian Bach bis Kurt Weill. Es erklangen Lieder gegen den Krieg aus verschiedenen Epochen und Ländern. Hiermit wollen die Gruppen am Tag der Deutschen&#8230;</p>
<p class="read-more"><a class="btn btn-default" href="https://www.lebenslaute.net/?page_id=4031">Weiterlesen<span class="screen-reader-text"> Weiterlesen</span></a></p>
