{"id":4784,"date":"2019-07-31T08:37:48","date_gmt":"2019-07-31T06:37:48","guid":{"rendered":"http:\/\/www.lebenslaute.net\/?page_id=4784"},"modified":"2020-01-16T17:01:12","modified_gmt":"2020-01-16T16:01:12","slug":"castellano","status":"publish","type":"page","link":"https:\/\/www.lebenslaute.net\/?page_id=4784","title":{"rendered":"spanisch castellano"},"content":{"rendered":"<p>Campo Horst: Concierto de protesta del grupo Lebenslaute<\/p>\n<p><span style=\"font-family: Liberation Serif, serif;\">\u00a1<\/span>Derecho de quedarse para <a href=\"mailto:tod@s\" xlink=\"href\">tod@s<\/a>! <span style=\"font-family: Liberation Serif, serif;\">\u00a1<\/span>Disolver el campo Horst!<\/p>\n<p>Queridos habitantes en el campo Horst,<\/p>\n<p>somos el grupo de m\u00fasica Lebenslaute, orquesta y coro. Pedimos el derecho de quedarse en Alemania para <a href=\"mailto:tod@s\" xlink=\"href\">tod@s<\/a> <a href=\"mailto:l@s\" xlink=\"href\">l@s<\/a> <a href=\"mailto:refugiad@s\" xlink=\"href\">refugiad@s<\/a>. Seg\u00fan nuestra opini\u00f3n cada uno tiene el derecho a una buena habitaci\u00f3n donde puede vivir seg\u00fan su propio gusto y en comunidad. Por eso el campo Horst tiene que ser disuelto.<\/p>\n<p>Hemos preguntado a las autoridades de hacer un concierto con vosotros. Eso no nos fue otorgado. Hemos decidido de venir a pesar de eso. Queremos hacer m\u00fasica, apoyaros, hacer fiesta con vosotros. El concierto de protesta se har\u00e1 domingo el 18 de agosto a las 12 horas.<\/p>\n<p>!Nos alegramos de veros!<\/p>\n<!--[if lt IE 9]><script>document.createElement('audio');<\/script><![endif]-->\n<audio class=\"wp-audio-shortcode\" id=\"audio-4784-1\" preload=\"none\" style=\"width: 100%;\" controls=\"controls\"><source type=\"audio\/mpeg\" src=\"http:\/\/www.lebenslaute.net\/wp-content\/uploads\/2019\/08\/Lager-Horst-2-Spanisch.mp3?_=1\" \/><a href=\"http:\/\/www.lebenslaute.net\/wp-content\/uploads\/2019\/08\/Lager-Horst-2-Spanisch.mp3\">http:\/\/www.lebenslaute.net\/wp-content\/uploads\/2019\/08\/Lager-Horst-2-Spanisch.mp3<\/a><\/audio>\n","protected":false},"excerpt":{"rendered":"<p>Campo Horst: Concierto de protesta del grupo Lebenslaute \u00a1Derecho de quedarse para tod@s! \u00a1Disolver el campo Horst! Queridos habitantes en el campo Horst, somos el grupo de m\u00fasica Lebenslaute, orquesta y coro. Pedimos el derecho de quedarse en Alemania para tod@s l@s refugiad@s. Seg\u00fan nuestra opini\u00f3n cada uno tiene el derecho a una buena habitaci\u00f3n donde puede vivir seg\u00fan su propio gusto y en comunidad. Por eso el campo Horst tiene que ser disuelto. Hemos preguntado a las autoridades de&#8230;<\/p>\n<p class=\"read-more\"><a class=\"btn btn-default\" href=\"https:\/\/www.lebenslaute.net\/?page_id=4784\">Weiterlesen<span class=\"screen-reader-text\"> Weiterlesen<\/span><\/a><\/p>\n","protected":false},"author":9,"featured_media":0,"parent":4578,"menu_order":0,"comment_status":"closed","ping_status":"closed","template":"","meta":{"footnotes":""},"class_list":["post-4784","page","type-page","status-publish","hentry"],"_links":{"self":[{"href":"https:\/\/www.lebenslaute.net\/index.php?rest_route=\/wp\/v2\/pages\/4784","targetHints":{"allow":["GET"]}}],"collection":[{"href":"https:\/\/www.lebenslaute.net\/index.php?rest_route=\/wp\/v2\/pages"}],"about":[{"href":"https:\/\/www.lebenslaute.net\/index.php?rest_route=\/wp\/v2\/types\/page"}],"author":[{"embeddable":true,"href":"https:\/\/www.lebenslaute.net\/index.php?rest_route=\/wp\/v2\/users\/9"}],"replies":[{"embeddable":true,"href":"https:\/\/www.lebenslaute.net\/index.php?rest_route=%2Fwp%2Fv2%2Fcomments&post=4784"}],"version-history":[{"count":4,"href":"https:\/\/www.lebenslaute.net\/index.php?rest_route=\/wp\/v2\/pages\/4784\/revisions"}],"predecessor-version":[{"id":4866,"href":"https:\/\/www.lebenslaute.net\/index.php?rest_route=\/wp\/v2\/pages\/4784\/revisions\/4866"}],"up":[{"embeddable":true,"href":"https:\/\/www.lebenslaute.net\/index.php?rest_route=\/wp\/v2\/pages\/4578"}],"wp:attachment":[{"href":"https:\/\/www.lebenslaute.net\/index.php?rest_route=%2Fwp%2Fv2%2Fmedia&parent=4784"}],"curies":[{"name":"wp","href":"https:\/\/api.w.org\/{rel}","templated":true}]}}

<p>Campo Horst: Concierto de protesta del grupo Lebenslaute</p>
<p><span style="font-family: Liberation Serif, serif;">¡</span>Derecho de quedarse para <a href="mailto:tod@s" xlink="href">tod@s</a>! <span style="font-family: Liberation Serif, serif;">¡</span>Disolver el campo Horst!</p>
<p>Queridos habitantes en el campo Horst,</p>
<p>somos el grupo de música Lebenslaute, orquesta y coro. Pedimos el derecho de quedarse en Alemania para <a href="mailto:tod@s" xlink="href">tod@s</a> <a href="mailto:l@s" xlink="href">l@s</a> <a href="mailto:refugiad@s" xlink="href">refugiad@s</a>. Según nuestra opinión cada uno tiene el derecho a una buena habitación donde puede vivir según su propio gusto y en comunidad. Por eso el campo Horst tiene que ser disuelto.</p>
<p>Hemos preguntado a las autoridades de hacer un concierto con vosotros. Eso no nos fue otorgado. Hemos decidido de venir a pesar de eso. Queremos hacer música, apoyaros, hacer fiesta con vosotros. El concierto de protesta se hará domingo el 18 de agosto a las 12 horas.</p>
<p>!Nos alegramos de veros!</p>
<!--[if lt IE 9]><script>document.createElement('audio');</script><![endif]-->
<audio class="wp-audio-shortcode" id="audio-4784-1" preload="none" style="width: 100%;" controls="controls"><source type="audio/mpeg" src="http://www.lebenslaute.net/wp-content/uploads/2019/08/Lager-Horst-2-Spanisch.mp3?_=1" /><a href="http://www.lebenslaute.net/wp-content/uploads/2019/08/Lager-Horst-2-Spanisch.mp3">http://www.lebenslaute.net/wp-content/uploads/2019/08/Lager-Horst-2-Spanisch.mp3</a></audio>

<p>Campo Horst: Concierto de protesta del grupo Lebenslaute ¡Derecho de quedarse para tod@s! ¡Disolver el campo Horst! Queridos habitantes en el campo Horst, somos el grupo de música Lebenslaute, orquesta y coro. Pedimos el derecho de quedarse en Alemania para tod@s l@s refugiad@s. Según nuestra opinión cada uno tiene el derecho a una buena habitación donde puede vivir según su propio gusto y en comunidad. Por eso el campo Horst tiene que ser disuelto. Hemos preguntado a las autoridades de&#8230;</p>
<p class="read-more"><a class="btn btn-default" href="https://www.lebenslaute.net/?page_id=4784">Weiterlesen<span class="screen-reader-text"> Weiterlesen</span></a></p>
