{"id":60,"date":"2010-02-01T13:45:08","date_gmt":"2010-02-01T12:45:08","guid":{"rendered":"http:\/\/www.lebenslaute.net\/?page_id=60"},"modified":"2022-04-15T11:54:17","modified_gmt":"2022-04-15T09:54:17","slug":"a-moll-statt-a-mull","status":"publish","type":"page","link":"https:\/\/www.lebenslaute.net\/?page_id=60","title":{"rendered":"2009 Gorleben"},"content":{"rendered":"\n<h2 class=\"wp-block-heading\">A-Moll statt A-M\u00fcll<\/h2>\n\n\n\n<p>LEBENSLAUTE-Konzert-Aktion, 4.-9. August 2009:<br>Musikalische Inspektion des geplanten Endlagers in Gorleben<\/p>\n\n\n\n<p><\/p>\n\n\n\n<div class=\"wp-block-image\"><figure class=\"aligncenter\"><a href=\"https:\/\/www.lebenslaute.net\/wp-content\/uploads\/2010\/02\/Gorleben1.jpg\" target=\"_blank\" rel=\"noopener\"><img loading=\"lazy\" decoding=\"async\" width=\"400\" height=\"267\" src=\"http:\/\/www.lebenslaute.net\/wp-content\/uploads\/2010\/02\/Gorleben1.jpg\" alt=\"Gorleben1\" class=\"wp-image-71\" title=\"Gorleben1\" srcset=\"https:\/\/www.lebenslaute.net\/wp-content\/uploads\/2010\/02\/Gorleben1.jpg 400w, https:\/\/www.lebenslaute.net\/wp-content\/uploads\/2010\/02\/Gorleben1-300x200.jpg 300w\" sizes=\"auto, (max-width: 400px) 100vw, 400px\" \/><\/a><figcaption>Mit einer Treppe, nicht mit einer Leiter wurde die Mauer \u00fcberwunden<\/figcaption><\/figure><\/div>\n\n\n\n<p>Seit dem 04.08.2009 bereitete die Lebenslaute eine Konzertaktion auf dem Gel\u00e4nde des geplanten Endlagers in Gorleben vor. Sie wendet sich damit gegen den Weiterbetrieb der Atomkraftwerke und gegen den weiteren Ausbau des ungeeigneten Salzstockes in Gorleben zu einem atomaren Endlager.<br>Am Samstag, dem 08.08., konnte die &#8220;Konzertinspektion&#8221; des Gel\u00e4ndes &#8211; einen Tag fr\u00fcher als geplant &#8211; erfolgreich stattfinden.<br>Abgeschlossen wurde die Aktion am Sonntag dem 9.8.09 mit einem Konzert vor dem Haupttor des geplanten Endlagers, das den Widerstand im Landkreis durch die Musik und die Berichte von der erfolgreichen Inspektion am Vortrag weiter st\u00e4rkte und bei dem zur Gro\u00dfdemonstration &#8220;Mal richtig abschalten!&#8221; am 5.September in Berlin aufgerufen wurde.<\/p>\n\n\n\n<p><a href=\"http:\/\/www.graswurzel.tv\/index.php?flv_id=86\" target=\"_blank\" rel=\"noopener\">Film \u00fcber die Aktion<\/a> von graswurzel.tv (4:37min).<\/p>\n\n\n\n<p><a href=\"http:\/\/julia-seeliger.de\/lebenslaute-mit-a-moll-gegen-a-mull\/\" target=\"_blank\" rel=\"noopener\">Bericht mit Fotos von der Aktion<\/a> bei julia-seeliger.de<\/p>\n\n\n\n<p><strong>&gt;&gt; Flyer 2009<\/strong><\/p>\n\n\n\n<p><strong>Lebenslaut in Gorleben<\/strong><br>Wir leisten musikalischen Widerstand. Dazu werden wir das Gel\u00e4nde des Erkundungbergwerks f\u00fcr ein atomares Endlager musikalisch inspizieren. Mit dieser Aktion Zivilen Ungehorsams werden wir lebenslaut gegen eine lebensbedrohliche Technologie.<br>Atomkraft&nbsp; war, ist und wird nie eine &gt;saubere und sichere&lt; Energie sein. Schon beim Grundstoff Uran, der weltweit zu 70% in Gebieten indigener Bev\u00f6lkerung abgebaut wird, f\u00e4ngt die Missachtung von Umwelt- und Menschenrechten an. Die Liste der Atom-Betriebsst\u00f6rungen w\u00e4chst ins Unendliche. Kleinere Vorf\u00e4lle werden nach M\u00f6glichkeit vertuscht, Folgesch\u00e4den bezweifelt und heruntergespielt, bis es nicht mehr geht. Die Gefahren enden bei Super-GAUs und Betriebskatastrophen (Mayak 1957, Tschernobyl 1986, im 21. Jahrhundert schon in Japan und Schweden) noch lange nicht, das zeigen die Beispiele der deutschen Atomm\u00fcll-Lager Morsleben und zuletzt Asse bei Wolfenb\u00fcttel.<br>Nach Bekanntwerden der Wassereinbr\u00fcche in die Asse wird immer deutlicher, wie hochgef\u00e4hrdet der dort eingelagerte mittel- und schwachradioaktive M\u00fcll ist. Die Stollen des ehemaligen Salzbergwerks &gt;Asse II&lt; drohen abzusaufen . Wie die zigtausend Atomm\u00fcll-F\u00e4sser und -Beh\u00e4lter davor gesch\u00fctzt werden k\u00f6nnen, ist v\u00f6llig offen. Perspektivisch ist mit einer Freisetzung radioaktiver Strahlung in die Biosph\u00e4re&nbsp; zu rechnen. \u00c4hnliches droht im Fall einer Atomm\u00fclleinlagerung im Salzstock Gorleben, in dem gleichfalls Laugen-Zustr\u00f6me festgestellt und zuletzt im M\u00e4rz 2009 presse\u00f6ffentlich gemacht wurden.<br>Stromkonzern-Lobbyist_innen und Bundestags-Wahlk\u00e4mpfer_innen trommeln derweil f\u00fcr die Weiterf\u00fchrung der Atomkraft als angeblich klimaschonender Notwendigkeit. Mit allen Tricks wie Teillastbetrieb sollen Stilllegungen von AKWs vermieden werden, bis andere politische Mehrheiten der Atomenergie neuen Aufwind geben k\u00f6nnten. Die mehrheitliche Atomkraftablehnung der Bev\u00f6lkerung interessiert die Vertreter_innen dieser Energiewirtschaft nicht wirklich.<br>Die Atomtechnologie mit ihrem Zerst\u00f6rungspotenzial wird nie beherrschbar sein. Der nukleare M\u00fcll wird noch hunderttausende Jahre strahlen. 2010 l\u00e4uft das zehnj\u00e4hrige Gorleben-&gt;Moratorium&lt; mit seinem Salzstock-Erkundungsstopp aus. Dann wird erneut versucht werden, Gorleben als Standort f\u00fcr das \u2013 wom\u00f6glich weltweit erste \u2013 Endlager f\u00fcr hochradioaktiven M\u00fcll zu etablieren. Dies werden wir nicht hinnehmen, sondern in Wort, Klang und Tat unseren Widerstand auf das Betriebsgel\u00e4nde tragen.<br><strong>Atomlobby \u00fcbert\u00f6nen!<br>Energieressourcen fair teilen!<br>Alle Atomanlagen stilllegen !!!<\/strong><\/p>\n\n\n\n<p><strong>Musik<\/strong><br>Georg Philipp Telemann: &gt;Der Morgen&lt; aus der Kantate &gt;Die Tageszeiten&lt;<br>Fanny Hensel: &gt;H\u00f6rst du nicht die B\u00e4ume rauschen?&lt; op.3\/1<br>Joseph Haydn: Teile der Sinfonie 101 D-Dur &gt;Die Uhr&lt;<br>Willy Burkhard: Solange die Erde steht.<\/p>\n","protected":false},"excerpt":{"rendered":"<p>A-Moll statt A-M\u00fcll LEBENSLAUTE-Konzert-Aktion, 4.-9. August 2009:Musikalische Inspektion des geplanten Endlagers in Gorleben Seit dem 04.08.2009 bereitete die Lebenslaute eine Konzertaktion auf dem Gel\u00e4nde des geplanten Endlagers in Gorleben vor. Sie wendet sich damit gegen den Weiterbetrieb der Atomkraftwerke und gegen den weiteren Ausbau des ungeeigneten Salzstockes in Gorleben zu einem atomaren Endlager.Am Samstag, dem 08.08., konnte die &#8220;Konzertinspektion&#8221; des Gel\u00e4ndes &#8211; einen Tag fr\u00fcher als geplant &#8211; erfolgreich stattfinden.Abgeschlossen wurde die Aktion am Sonntag dem 9.8.09 mit einem Konzert&#8230;<\/p>\n<p class=\"read-more\"><a class=\"btn btn-default\" href=\"https:\/\/www.lebenslaute.net\/?page_id=60\">Weiterlesen<span class=\"screen-reader-text\"> Weiterlesen<\/span><\/a><\/p>\n","protected":false},"author":1,"featured_media":0,"parent":30,"menu_order":21,"comment_status":"closed","ping_status":"closed","template":"","meta":{"footnotes":""},"class_list":["post-60","page","type-page","status-publish","hentry"],"_links":{"self":[{"href":"https:\/\/www.lebenslaute.net\/index.php?rest_route=\/wp\/v2\/pages\/60","targetHints":{"allow":["GET"]}}],"collection":[{"href":"https:\/\/www.lebenslaute.net\/index.php?rest_route=\/wp\/v2\/pages"}],"about":[{"href":"https:\/\/www.lebenslaute.net\/index.php?rest_route=\/wp\/v2\/types\/page"}],"author":[{"embeddable":true,"href":"https:\/\/www.lebenslaute.net\/index.php?rest_route=\/wp\/v2\/users\/1"}],"replies":[{"embeddable":true,"href":"https:\/\/www.lebenslaute.net\/index.php?rest_route=%2Fwp%2Fv2%2Fcomments&post=60"}],"version-history":[{"count":28,"href":"https:\/\/www.lebenslaute.net\/index.php?rest_route=\/wp\/v2\/pages\/60\/revisions"}],"predecessor-version":[{"id":8940,"href":"https:\/\/www.lebenslaute.net\/index.php?rest_route=\/wp\/v2\/pages\/60\/revisions\/8940"}],"up":[{"embeddable":true,"href":"https:\/\/www.lebenslaute.net\/index.php?rest_route=\/wp\/v2\/pages\/30"}],"wp:attachment":[{"href":"https:\/\/www.lebenslaute.net\/index.php?rest_route=%2Fwp%2Fv2%2Fmedia&parent=60"}],"curies":[{"name":"wp","href":"https:\/\/api.w.org\/{rel}","templated":true}]}}