{"id":8452,"date":"2022-04-01T12:55:25","date_gmt":"2022-04-01T10:55:25","guid":{"rendered":"https:\/\/www.lebenslaute.net\/?page_id=8452"},"modified":"2022-04-14T17:13:52","modified_gmt":"2022-04-14T15:13:52","slug":"1992-muensingen-gruorn","status":"publish","type":"page","link":"https:\/\/www.lebenslaute.net\/?page_id=8452","title":{"rendered":"1992 M\u00fcnsingen-Gruorn"},"content":{"rendered":"\n<h2 class=\"wp-block-heading\"><strong>Albtraum M\u00fcnsingen<\/strong><br><br><\/h2>\n\n\n\n<figure class=\"wp-block-image size-large\"><a href=\"https:\/\/www.lebenslaute.net\/wp-content\/uploads\/2022\/04\/92-09-13-muensingen_000_3-scaled.jpg\" target=\"_blank\" rel=\"noopener\"><img loading=\"lazy\" decoding=\"async\" width=\"1024\" height=\"498\" src=\"https:\/\/www.lebenslaute.net\/wp-content\/uploads\/2022\/04\/92-09-13-muensingen_000_3-1024x498.jpg\" alt=\"Musik vor dem ehemaligen Schulhaus von Gruorn\" class=\"wp-image-8457\" srcset=\"https:\/\/www.lebenslaute.net\/wp-content\/uploads\/2022\/04\/92-09-13-muensingen_000_3-1024x498.jpg 1024w, https:\/\/www.lebenslaute.net\/wp-content\/uploads\/2022\/04\/92-09-13-muensingen_000_3-300x146.jpg 300w, https:\/\/www.lebenslaute.net\/wp-content\/uploads\/2022\/04\/92-09-13-muensingen_000_3-768x374.jpg 768w, https:\/\/www.lebenslaute.net\/wp-content\/uploads\/2022\/04\/92-09-13-muensingen_000_3-1536x748.jpg 1536w, https:\/\/www.lebenslaute.net\/wp-content\/uploads\/2022\/04\/92-09-13-muensingen_000_3-2048x997.jpg 2048w, https:\/\/www.lebenslaute.net\/wp-content\/uploads\/2022\/04\/92-09-13-muensingen_000_3-555x270.jpg 555w\" sizes=\"auto, (max-width: 1024px) 100vw, 1024px\" \/><\/a><figcaption>Musik vor dem ehemaligen Schulhaus von Gruorn<\/figcaption><\/figure>\n\n\n\n<p>1992 beschlossen die Baden-W\u00fcrttemberger, die gute Erfahrung vom Jahr davor zu wiederholen, in der Hoffnung auf besseres Wetter.<\/p>\n\n\n\n<p>Diesmal konnte Lebenslaute auf eine Neukomposition zugreifen: Hartmut Andres, der damals Komposition studierte, hatte sich ein eigenes Werk vorgenommen, das er \u201eGruorn\u201c betitelte und f\u00fcr bis zu 153 Auff\u00fchrende bestimmte, f\u00fcr jedes der aufgegebenen H\u00e4user eines. Die Musizierenden sollten in H\u00f6rweite voneinander bleiben und sich mit Hilfe ihrer Uhr synchronisieren. Der Text (Ausz\u00fcge und Spielanweisung im Buch \u201eWiderst\u00e4ndige Musik\u201c) zitierte offizielle Dokumente. Diese befassten sich mit der Nachricht, dass Gruorn aufgegeben werden sollte, erw\u00e4hnten Trotz und Widerstand und dokumentierten schlie\u00dflich die Resignation angesichts des Unvermeidlichen. \u201eDie Musik war sehr anstrengend und schwierig zu koordinieren, wir mussten sie vorher lange \u00fcben. Wir h\u00e4tten sie mehrfach auff\u00fchren m\u00fcssen, um sie wirklich gut zu beherrschen\u201c, \u00e4u\u00dferte einer, der dabei war.<\/p>\n\n\n\n<p>Die Lokalzeitung titelte anschlie\u00dfend: \u201eWenig Resonanz beim \u201aLebenslaute\u2018-Konzert in Gruorn\u201c, beschrieb aber die Komposition von Hartmut Andres recht ausf\u00fchrlich. Allerdings hatten sich die Menschen \u00fcber den ganzen Tag auf dem Gel\u00e4nde verteilt, und deshalb konnte f\u00fcr Au\u00dfenstehende der Eindruck entstehen, es w\u00e4ren nicht viele. Tats\u00e4chlich waren im Verlauf des Tages aber etwa 100 Personen auf dem Gel\u00e4nde, die alle einen Bu\u00dfgeldbescheid bekamen \u2013 denn das ehemalige Dorf zu betreten war nach wie vor eine Ordnungswidrigkeit. Die Bu\u00dfgelder \u2013 da f\u00fcr \u201eWiederholungst\u00e4ter\u201c waren saftig: 170 Euro pro Konzertbesucher. Die meisten Widerspr\u00fcche dagegen wurden zur\u00fcckgewiesen, ein Amtsrichter jedoch reduzierte die H\u00f6he deutlich, ein anderer stellt das Bu\u00dfgeldverfahren ein.<\/p>\n\n\n\n<figure class=\"wp-block-gallery has-nested-images columns-default is-cropped wp-block-gallery-1 is-layout-flex wp-block-gallery-is-layout-flex\">\n<figure class=\"wp-block-image size-large\"><a href=\"https:\/\/www.lebenslaute.net\/wp-content\/uploads\/2022\/04\/92-09-13-muensingen_000_4-scaled.jpg\" target=\"_blank\" rel=\"noopener\"><img loading=\"lazy\" decoding=\"async\" width=\"1024\" height=\"476\" data-id=\"8456\" src=\"https:\/\/www.lebenslaute.net\/wp-content\/uploads\/2022\/04\/92-09-13-muensingen_000_4-1024x476.jpg\" alt=\"\" class=\"wp-image-8456\" srcset=\"https:\/\/www.lebenslaute.net\/wp-content\/uploads\/2022\/04\/92-09-13-muensingen_000_4-1024x476.jpg 1024w, https:\/\/www.lebenslaute.net\/wp-content\/uploads\/2022\/04\/92-09-13-muensingen_000_4-300x139.jpg 300w, https:\/\/www.lebenslaute.net\/wp-content\/uploads\/2022\/04\/92-09-13-muensingen_000_4-768x357.jpg 768w, https:\/\/www.lebenslaute.net\/wp-content\/uploads\/2022\/04\/92-09-13-muensingen_000_4-1536x714.jpg 1536w, https:\/\/www.lebenslaute.net\/wp-content\/uploads\/2022\/04\/92-09-13-muensingen_000_4-2048x952.jpg 2048w, https:\/\/www.lebenslaute.net\/wp-content\/uploads\/2022\/04\/92-09-13-muensingen_000_4-581x270.jpg 581w\" sizes=\"auto, (max-width: 1024px) 100vw, 1024px\" \/><\/a><figcaption>Die Versorgung mit Essen und Getr\u00e4nken erfolgte per Rad <\/figcaption><\/figure>\n\n\n\n<figure class=\"wp-block-image size-large\"><a href=\"https:\/\/www.lebenslaute.net\/wp-content\/uploads\/2022\/04\/92-09-13-muensingen_003_2-scaled.jpg\" target=\"_blank\" rel=\"noopener\"><img loading=\"lazy\" decoding=\"async\" width=\"1024\" height=\"699\" data-id=\"8463\" src=\"https:\/\/www.lebenslaute.net\/wp-content\/uploads\/2022\/04\/92-09-13-muensingen_003_2-1024x699.jpg\" alt=\"\" class=\"wp-image-8463\" srcset=\"https:\/\/www.lebenslaute.net\/wp-content\/uploads\/2022\/04\/92-09-13-muensingen_003_2-1024x699.jpg 1024w, https:\/\/www.lebenslaute.net\/wp-content\/uploads\/2022\/04\/92-09-13-muensingen_003_2-300x205.jpg 300w, https:\/\/www.lebenslaute.net\/wp-content\/uploads\/2022\/04\/92-09-13-muensingen_003_2-768x524.jpg 768w, https:\/\/www.lebenslaute.net\/wp-content\/uploads\/2022\/04\/92-09-13-muensingen_003_2-1536x1048.jpg 1536w, https:\/\/www.lebenslaute.net\/wp-content\/uploads\/2022\/04\/92-09-13-muensingen_003_2-2048x1398.jpg 2048w, https:\/\/www.lebenslaute.net\/wp-content\/uploads\/2022\/04\/92-09-13-muensingen_003_2-396x270.jpg 396w\" sizes=\"auto, (max-width: 1024px) 100vw, 1024px\" \/><\/a><figcaption>Die einzelnen musizierten auf H\u00f6rweite<\/figcaption><\/figure>\n\n\n\n<figure class=\"wp-block-image size-large\"><a href=\"https:\/\/www.lebenslaute.net\/wp-content\/uploads\/2022\/04\/92-09-13-muensingen_003_1_mathias-hestermann_nr.49-scaled.jpg\" target=\"_blank\" rel=\"noopener\"><img loading=\"lazy\" decoding=\"async\" width=\"1024\" height=\"671\" data-id=\"8462\" src=\"https:\/\/www.lebenslaute.net\/wp-content\/uploads\/2022\/04\/92-09-13-muensingen_003_1_mathias-hestermann_nr.49-1024x671.jpg\" alt=\"\" class=\"wp-image-8462\" srcset=\"https:\/\/www.lebenslaute.net\/wp-content\/uploads\/2022\/04\/92-09-13-muensingen_003_1_mathias-hestermann_nr.49-1024x671.jpg 1024w, https:\/\/www.lebenslaute.net\/wp-content\/uploads\/2022\/04\/92-09-13-muensingen_003_1_mathias-hestermann_nr.49-300x197.jpg 300w, https:\/\/www.lebenslaute.net\/wp-content\/uploads\/2022\/04\/92-09-13-muensingen_003_1_mathias-hestermann_nr.49-768x503.jpg 768w, https:\/\/www.lebenslaute.net\/wp-content\/uploads\/2022\/04\/92-09-13-muensingen_003_1_mathias-hestermann_nr.49-1536x1007.jpg 1536w, https:\/\/www.lebenslaute.net\/wp-content\/uploads\/2022\/04\/92-09-13-muensingen_003_1_mathias-hestermann_nr.49-2048x1342.jpg 2048w, https:\/\/www.lebenslaute.net\/wp-content\/uploads\/2022\/04\/92-09-13-muensingen_003_1_mathias-hestermann_nr.49-412x270.jpg 412w\" sizes=\"auto, (max-width: 1024px) 100vw, 1024px\" \/><\/a><figcaption>Die Grundst\u00fccke waren l\u00e4ngst \u00fcberwachsen<\/figcaption><\/figure>\n\n\n\n<figure class=\"wp-block-image size-large\"><a href=\"https:\/\/www.lebenslaute.net\/wp-content\/uploads\/2022\/04\/Katja-02.1-scaled.jpg\" target=\"_blank\" rel=\"noopener\"><img loading=\"lazy\" decoding=\"async\" width=\"687\" height=\"1024\" data-id=\"8466\" src=\"https:\/\/www.lebenslaute.net\/wp-content\/uploads\/2022\/04\/Katja-02.1-687x1024.jpg\" alt=\"\" class=\"wp-image-8466\" srcset=\"https:\/\/www.lebenslaute.net\/wp-content\/uploads\/2022\/04\/Katja-02.1-687x1024.jpg 687w, https:\/\/www.lebenslaute.net\/wp-content\/uploads\/2022\/04\/Katja-02.1-201x300.jpg 201w, https:\/\/www.lebenslaute.net\/wp-content\/uploads\/2022\/04\/Katja-02.1-768x1144.jpg 768w, https:\/\/www.lebenslaute.net\/wp-content\/uploads\/2022\/04\/Katja-02.1-1031x1536.jpg 1031w, https:\/\/www.lebenslaute.net\/wp-content\/uploads\/2022\/04\/Katja-02.1-1374x2048.jpg 1374w, https:\/\/www.lebenslaute.net\/wp-content\/uploads\/2022\/04\/Katja-02.1-181x270.jpg 181w, https:\/\/www.lebenslaute.net\/wp-content\/uploads\/2022\/04\/Katja-02.1-scaled.jpg 1718w\" sizes=\"auto, (max-width: 687px) 100vw, 687px\" \/><\/a><figcaption>Vor der Schule spielte das Kind geduldig<\/figcaption><\/figure>\n\n\n\n<figure class=\"wp-block-image size-large\"><a href=\"https:\/\/www.lebenslaute.net\/wp-content\/uploads\/2022\/04\/92-09-13-muensingen_001_2.jpg\" target=\"_blank\" rel=\"noopener\"><img loading=\"lazy\" decoding=\"async\" width=\"907\" height=\"1024\" data-id=\"8458\" src=\"https:\/\/www.lebenslaute.net\/wp-content\/uploads\/2022\/04\/92-09-13-muensingen_001_2-907x1024.jpg\" alt=\"\" class=\"wp-image-8458\" srcset=\"https:\/\/www.lebenslaute.net\/wp-content\/uploads\/2022\/04\/92-09-13-muensingen_001_2-907x1024.jpg 907w, https:\/\/www.lebenslaute.net\/wp-content\/uploads\/2022\/04\/92-09-13-muensingen_001_2-266x300.jpg 266w, https:\/\/www.lebenslaute.net\/wp-content\/uploads\/2022\/04\/92-09-13-muensingen_001_2-768x867.jpg 768w, https:\/\/www.lebenslaute.net\/wp-content\/uploads\/2022\/04\/92-09-13-muensingen_001_2-1361x1536.jpg 1361w, https:\/\/www.lebenslaute.net\/wp-content\/uploads\/2022\/04\/92-09-13-muensingen_001_2-239x270.jpg 239w, https:\/\/www.lebenslaute.net\/wp-content\/uploads\/2022\/04\/92-09-13-muensingen_001_2.jpg 1650w\" sizes=\"auto, (max-width: 907px) 100vw, 907px\" \/><\/a><figcaption>Volle Konzentration<\/figcaption><\/figure>\n\n\n\n<figure class=\"wp-block-image size-large\"><a href=\"https:\/\/www.lebenslaute.net\/wp-content\/uploads\/2022\/04\/92-09-13-muensingen_001_3.jpg\" target=\"_blank\" rel=\"noopener\"><img loading=\"lazy\" decoding=\"async\" width=\"1024\" height=\"740\" data-id=\"8459\" src=\"https:\/\/www.lebenslaute.net\/wp-content\/uploads\/2022\/04\/92-09-13-muensingen_001_3-1024x740.jpg\" alt=\"\" class=\"wp-image-8459\" srcset=\"https:\/\/www.lebenslaute.net\/wp-content\/uploads\/2022\/04\/92-09-13-muensingen_001_3-1024x740.jpg 1024w, https:\/\/www.lebenslaute.net\/wp-content\/uploads\/2022\/04\/92-09-13-muensingen_001_3-300x217.jpg 300w, https:\/\/www.lebenslaute.net\/wp-content\/uploads\/2022\/04\/92-09-13-muensingen_001_3-768x555.jpg 768w, https:\/\/www.lebenslaute.net\/wp-content\/uploads\/2022\/04\/92-09-13-muensingen_001_3-1536x1111.jpg 1536w, https:\/\/www.lebenslaute.net\/wp-content\/uploads\/2022\/04\/92-09-13-muensingen_001_3-2048x1481.jpg 2048w, https:\/\/www.lebenslaute.net\/wp-content\/uploads\/2022\/04\/92-09-13-muensingen_001_3-373x270.jpg 373w\" sizes=\"auto, (max-width: 1024px) 100vw, 1024px\" \/><\/a><figcaption>Die Zuh\u00f6renden verloren sich auf dem Gel\u00e4nde<\/figcaption><\/figure>\n<\/figure>\n\n\n\n<p><strong>Musikprogramm<\/strong><\/p>\n\n\n\n<p>In M\u00fcnsingen:<\/p>\n\n\n\n<figure class=\"wp-block-gallery has-nested-images columns-default is-cropped wp-block-gallery-2 is-layout-flex wp-block-gallery-is-layout-flex\">\n<figure class=\"wp-block-image size-large\"><a href=\"https:\/\/www.lebenslaute.net\/wp-content\/uploads\/2022\/04\/92-09-11-Stra__enmusik-M__nsingen_001_1-scaled.jpg\" target=\"_blank\" rel=\"noopener\"><img loading=\"lazy\" decoding=\"async\" width=\"1024\" height=\"692\" data-id=\"8464\" src=\"https:\/\/www.lebenslaute.net\/wp-content\/uploads\/2022\/04\/92-09-11-Stra__enmusik-M__nsingen_001_1-1024x692.jpg\" alt=\"\" class=\"wp-image-8464\" srcset=\"https:\/\/www.lebenslaute.net\/wp-content\/uploads\/2022\/04\/92-09-11-Stra__enmusik-M__nsingen_001_1-1024x692.jpg 1024w, https:\/\/www.lebenslaute.net\/wp-content\/uploads\/2022\/04\/92-09-11-Stra__enmusik-M__nsingen_001_1-300x203.jpg 300w, https:\/\/www.lebenslaute.net\/wp-content\/uploads\/2022\/04\/92-09-11-Stra__enmusik-M__nsingen_001_1-768x519.jpg 768w, https:\/\/www.lebenslaute.net\/wp-content\/uploads\/2022\/04\/92-09-11-Stra__enmusik-M__nsingen_001_1-1536x1039.jpg 1536w, https:\/\/www.lebenslaute.net\/wp-content\/uploads\/2022\/04\/92-09-11-Stra__enmusik-M__nsingen_001_1-2048x1385.jpg 2048w, https:\/\/www.lebenslaute.net\/wp-content\/uploads\/2022\/04\/92-09-11-Stra__enmusik-M__nsingen_001_1-399x270.jpg 399w\" sizes=\"auto, (max-width: 1024px) 100vw, 1024px\" \/><\/a><\/figure>\n\n\n\n<figure class=\"wp-block-image size-large\"><a href=\"https:\/\/www.lebenslaute.net\/wp-content\/uploads\/2022\/04\/92-09-11-Stra__enmusik-M__nsingen_001_2-scaled.jpg\" target=\"_blank\" rel=\"noopener\"><img loading=\"lazy\" decoding=\"async\" width=\"1024\" height=\"694\" data-id=\"8465\" src=\"https:\/\/www.lebenslaute.net\/wp-content\/uploads\/2022\/04\/92-09-11-Stra__enmusik-M__nsingen_001_2-1024x694.jpg\" alt=\"\" class=\"wp-image-8465\" srcset=\"https:\/\/www.lebenslaute.net\/wp-content\/uploads\/2022\/04\/92-09-11-Stra__enmusik-M__nsingen_001_2-1024x694.jpg 1024w, https:\/\/www.lebenslaute.net\/wp-content\/uploads\/2022\/04\/92-09-11-Stra__enmusik-M__nsingen_001_2-300x203.jpg 300w, https:\/\/www.lebenslaute.net\/wp-content\/uploads\/2022\/04\/92-09-11-Stra__enmusik-M__nsingen_001_2-768x521.jpg 768w, https:\/\/www.lebenslaute.net\/wp-content\/uploads\/2022\/04\/92-09-11-Stra__enmusik-M__nsingen_001_2-1536x1041.jpg 1536w, https:\/\/www.lebenslaute.net\/wp-content\/uploads\/2022\/04\/92-09-11-Stra__enmusik-M__nsingen_001_2-2048x1388.jpg 2048w, https:\/\/www.lebenslaute.net\/wp-content\/uploads\/2022\/04\/92-09-11-Stra__enmusik-M__nsingen_001_2-398x270.jpg 398w\" sizes=\"auto, (max-width: 1024px) 100vw, 1024px\" \/><\/a><\/figure>\n<figcaption class=\"blocks-gallery-caption\">Stra\u00dfenmusik in M\u00fcnsingen<\/figcaption><\/figure>\n\n\n\n<p>Benjamin Britten: Simple Symphony<br>Johannes Brahms: Streichquartett F-Dur<br>Edward Elgar: Serenade e-moll<br>Antonio Vivaldi: Blockfl\u00f6tenkonzert<br>Heinrich Sch\u00fctz: Die mit Tr\u00e4nen s\u00e4en<br>Hanns Eisler: Kantate gegen den Krieg<br><\/p>\n\n\n\n<p>In Gruorn:<\/p>\n\n\n\n<p>Hartmut Andres: Gruorn &#8211; ein offener Klangraum<\/p>\n\n\n\n<p><strong>Ernst Bloch-Chor:<\/strong><br>Leo Janacek: Ach Krieg!<br>Anton Bruckner: Locus iste<br>Immer mehr Land<br>Frieden ist machbar<\/p>\n\n\n\n<p>Presseecho:<\/p>\n\n\n\n<figure class=\"wp-block-gallery has-nested-images columns-default is-cropped wp-block-gallery-3 is-layout-flex wp-block-gallery-is-layout-flex\">\n<figure class=\"wp-block-image size-large\"><a href=\"https:\/\/www.lebenslaute.net\/wp-content\/uploads\/2022\/04\/92-09-12-Zeitung-3-scaled.jpg\" target=\"_blank\" rel=\"noopener\"><img loading=\"lazy\" decoding=\"async\" width=\"997\" height=\"1024\" data-id=\"8453\" src=\"https:\/\/www.lebenslaute.net\/wp-content\/uploads\/2022\/04\/92-09-12-Zeitung-3-997x1024.jpg\" alt=\"\" class=\"wp-image-8453\" srcset=\"https:\/\/www.lebenslaute.net\/wp-content\/uploads\/2022\/04\/92-09-12-Zeitung-3-997x1024.jpg 997w, https:\/\/www.lebenslaute.net\/wp-content\/uploads\/2022\/04\/92-09-12-Zeitung-3-292x300.jpg 292w, https:\/\/www.lebenslaute.net\/wp-content\/uploads\/2022\/04\/92-09-12-Zeitung-3-768x789.jpg 768w, https:\/\/www.lebenslaute.net\/wp-content\/uploads\/2022\/04\/92-09-12-Zeitung-3-1496x1536.jpg 1496w, https:\/\/www.lebenslaute.net\/wp-content\/uploads\/2022\/04\/92-09-12-Zeitung-3-1995x2048.jpg 1995w, https:\/\/www.lebenslaute.net\/wp-content\/uploads\/2022\/04\/92-09-12-Zeitung-3-263x270.jpg 263w\" sizes=\"auto, (max-width: 997px) 100vw, 997px\" \/><\/a><\/figure>\n\n\n\n<figure class=\"wp-block-image size-large\"><a href=\"https:\/\/www.lebenslaute.net\/wp-content\/uploads\/2022\/04\/Artikel-Lokalzeitung-1992-scaled.jpg\" target=\"_blank\" rel=\"noopener\"><img loading=\"lazy\" decoding=\"async\" width=\"576\" height=\"1024\" data-id=\"8467\" src=\"https:\/\/www.lebenslaute.net\/wp-content\/uploads\/2022\/04\/Artikel-Lokalzeitung-1992-576x1024.jpg\" alt=\"\" class=\"wp-image-8467\" srcset=\"https:\/\/www.lebenslaute.net\/wp-content\/uploads\/2022\/04\/Artikel-Lokalzeitung-1992-576x1024.jpg 576w, https:\/\/www.lebenslaute.net\/wp-content\/uploads\/2022\/04\/Artikel-Lokalzeitung-1992-169x300.jpg 169w, https:\/\/www.lebenslaute.net\/wp-content\/uploads\/2022\/04\/Artikel-Lokalzeitung-1992-768x1366.jpg 768w, https:\/\/www.lebenslaute.net\/wp-content\/uploads\/2022\/04\/Artikel-Lokalzeitung-1992-864x1536.jpg 864w, https:\/\/www.lebenslaute.net\/wp-content\/uploads\/2022\/04\/Artikel-Lokalzeitung-1992-1152x2048.jpg 1152w, https:\/\/www.lebenslaute.net\/wp-content\/uploads\/2022\/04\/Artikel-Lokalzeitung-1992-152x270.jpg 152w, https:\/\/www.lebenslaute.net\/wp-content\/uploads\/2022\/04\/Artikel-Lokalzeitung-1992-scaled.jpg 1440w\" sizes=\"auto, (max-width: 576px) 100vw, 576px\" \/><\/a><\/figure>\n<\/figure>\n\n\n\n<p><br><a href=\"https:\/\/www.lebenslaute.net\/?page_id=8475(\u00f6ffnet in neuem Tab)\">Zur Seite: 1994 Gorleben<br><\/a><\/p>\n","protected":false},"excerpt":{"rendered":"<p>Albtraum M\u00fcnsingen 1992 beschlossen die Baden-W\u00fcrttemberger, die gute Erfahrung vom Jahr davor zu wiederholen, in der Hoffnung auf besseres Wetter. Diesmal konnte Lebenslaute auf eine Neukomposition zugreifen: Hartmut Andres, der damals Komposition studierte, hatte sich ein eigenes Werk vorgenommen, das er \u201eGruorn\u201c betitelte und f\u00fcr bis zu 153 Auff\u00fchrende bestimmte, f\u00fcr jedes der aufgegebenen H\u00e4user eines. Die Musizierenden sollten in H\u00f6rweite voneinander bleiben und sich mit Hilfe ihrer Uhr synchronisieren. Der Text (Ausz\u00fcge und Spielanweisung im Buch \u201eWiderst\u00e4ndige Musik\u201c) zitierte&#8230;<\/p>\n<p class=\"read-more\"><a class=\"btn btn-default\" href=\"https:\/\/www.lebenslaute.net\/?page_id=8452\">Weiterlesen<span class=\"screen-reader-text\"> Weiterlesen<\/span><\/a><\/p>\n","protected":false},"author":9,"featured_media":0,"parent":0,"menu_order":0,"comment_status":"closed","ping_status":"closed","template":"","meta":{"footnotes":""},"class_list":["post-8452","page","type-page","status-publish","hentry"],"_links":{"self":[{"href":"https:\/\/www.lebenslaute.net\/index.php?rest_route=\/wp\/v2\/pages\/8452","targetHints":{"allow":["GET"]}}],"collection":[{"href":"https:\/\/www.lebenslaute.net\/index.php?rest_route=\/wp\/v2\/pages"}],"about":[{"href":"https:\/\/www.lebenslaute.net\/index.php?rest_route=\/wp\/v2\/types\/page"}],"author":[{"embeddable":true,"href":"https:\/\/www.lebenslaute.net\/index.php?rest_route=\/wp\/v2\/users\/9"}],"replies":[{"embeddable":true,"href":"https:\/\/www.lebenslaute.net\/index.php?rest_route=%2Fwp%2Fv2%2Fcomments&post=8452"}],"version-history":[{"count":5,"href":"https:\/\/www.lebenslaute.net\/index.php?rest_route=\/wp\/v2\/pages\/8452\/revisions"}],"predecessor-version":[{"id":8914,"href":"https:\/\/www.lebenslaute.net\/index.php?rest_route=\/wp\/v2\/pages\/8452\/revisions\/8914"}],"wp:attachment":[{"href":"https:\/\/www.lebenslaute.net\/index.php?rest_route=%2Fwp%2Fv2%2Fmedia&parent=8452"}],"curies":[{"name":"wp","href":"https:\/\/api.w.org\/{rel}","templated":true}]}}