{"id":8524,"date":"2022-04-07T17:13:40","date_gmt":"2022-04-07T15:13:40","guid":{"rendered":"https:\/\/www.lebenslaute.net\/?page_id=8524"},"modified":"2022-04-07T17:22:09","modified_gmt":"2022-04-07T15:22:09","slug":"1996-hamburg","status":"publish","type":"page","link":"https:\/\/www.lebenslaute.net\/?page_id=8524","title":{"rendered":"1996 Hamburg"},"content":{"rendered":"\n<h2 class=\"wp-block-heading\"><strong>Verabschiedung des 25 000. Fl\u00fcchtlings<\/strong><br><\/h2>\n\n\n\n<p>Die Pogrome gegen Migranten in verschiedenen deutschen St\u00e4dten, besonders schrecklich in <a href=\"https:\/\/amp.zdf.de\/nachrichten\/hallo-deutschland\/retro-30-jahre-hoyerswerda-100.html\">Hoyerswerda (1991),<\/a> in <a href=\"https:\/\/www.juraforum.de\/lexikon\/ausschreitungen-von-rostock-lichtenhagen\">Rostock-Lichtenhagen,<\/a> in <a href=\"https:\/\/de.wikipedia.org\/wiki\/Mordanschlag_von_M%C3%B6lln\">M\u00f6lln (1992)<\/a> und Solingen (1993) waren f\u00fcr die Politik Anlass, nicht etwa ihre Solidarit\u00e4t mit den Angegriffenen auszudr\u00fccken, sondern im Gegenteil \u00fcber eine \u00c4nderung des Grundgesetzes das Recht auf Asyl faktisch abzuschaffen und die Abschiebepraxis gnadenlos zu versch\u00e4rfen. In Hamburg starb ein Mensch bei einer Deportation, weil ein Polizist ihm den Mund zuhielt, so dass er nicht mehr atmen konnte. Lebenslaute beschloss daher, mit einem Konzert am Hamburger Flughafen ein Zeichen gegen die Abschiebungen zu setzen.<\/p>\n\n\n\n<p>Leider gibt es aus diesem Jahr nur ein paar Fotos von der Vorbereitung in einem evangelischen Gemeindezentrum. Auch die Musik, die damals gesungen und gespielt wurde, ist schwach dokumentiert, sicher bezeugt ist nur das Requiem von W. A. Mozart.<\/p>\n","protected":false},"excerpt":{"rendered":"<p>Verabschiedung des 25 000. Fl\u00fcchtlings Die Pogrome gegen Migranten in verschiedenen deutschen St\u00e4dten, besonders schrecklich in Hoyerswerda (1991), in Rostock-Lichtenhagen, in M\u00f6lln (1992) und Solingen (1993) waren f\u00fcr die Politik Anlass, nicht etwa ihre Solidarit\u00e4t mit den Angegriffenen auszudr\u00fccken, sondern im Gegenteil \u00fcber eine \u00c4nderung des Grundgesetzes das Recht auf Asyl faktisch abzuschaffen und die Abschiebepraxis gnadenlos zu versch\u00e4rfen. In Hamburg starb ein Mensch bei einer Deportation, weil ein Polizist ihm den Mund zuhielt, so dass er nicht mehr atmen&#8230;<\/p>\n<p class=\"read-more\"><a class=\"btn btn-default\" href=\"https:\/\/www.lebenslaute.net\/?page_id=8524\">Weiterlesen<span class=\"screen-reader-text\"> Weiterlesen<\/span><\/a><\/p>\n","protected":false},"author":9,"featured_media":0,"parent":0,"menu_order":0,"comment_status":"closed","ping_status":"closed","template":"","meta":{"footnotes":""},"class_list":["post-8524","page","type-page","status-publish","hentry"],"_links":{"self":[{"href":"https:\/\/www.lebenslaute.net\/index.php?rest_route=\/wp\/v2\/pages\/8524","targetHints":{"allow":["GET"]}}],"collection":[{"href":"https:\/\/www.lebenslaute.net\/index.php?rest_route=\/wp\/v2\/pages"}],"about":[{"href":"https:\/\/www.lebenslaute.net\/index.php?rest_route=\/wp\/v2\/types\/page"}],"author":[{"embeddable":true,"href":"https:\/\/www.lebenslaute.net\/index.php?rest_route=\/wp\/v2\/users\/9"}],"replies":[{"embeddable":true,"href":"https:\/\/www.lebenslaute.net\/index.php?rest_route=%2Fwp%2Fv2%2Fcomments&post=8524"}],"version-history":[{"count":3,"href":"https:\/\/www.lebenslaute.net\/index.php?rest_route=\/wp\/v2\/pages\/8524\/revisions"}],"predecessor-version":[{"id":8529,"href":"https:\/\/www.lebenslaute.net\/index.php?rest_route=\/wp\/v2\/pages\/8524\/revisions\/8529"}],"wp:attachment":[{"href":"https:\/\/www.lebenslaute.net\/index.php?rest_route=%2Fwp%2Fv2%2Fmedia&parent=8524"}],"curies":[{"name":"wp","href":"https:\/\/api.w.org\/{rel}","templated":true}]}}